{"id":4705,"date":"2025-04-04T18:08:02","date_gmt":"2025-04-04T15:08:02","guid":{"rendered":"https:\/\/ampulsepeti.com.tr\/?page_id=4705"},"modified":"2025-04-04T18:14:45","modified_gmt":"2025-04-04T15:14:45","slug":"endustriyel-aydinlatma","status":"publish","type":"page","link":"https:\/\/ampulsepeti.com.tr\/index.php\/endustriyel-aydinlatma\/","title":{"rendered":"End\u00fcstriyel Ayd\u0131nlatma"},"content":{"rendered":"\t\t<div data-elementor-type=\"wp-page\" data-elementor-id=\"4705\" class=\"elementor elementor-4705\">\n\t\t\t\t\t\t<section class=\"elementor-section elementor-top-section elementor-element elementor-element-3bb35a6 elementor-section-boxed elementor-section-height-default elementor-section-height-default\" data-id=\"3bb35a6\" data-element_type=\"section\">\n\t\t\t\t\t\t<div class=\"elementor-container elementor-column-gap-extended\">\n\t\t\t\t\t<div class=\"elementor-column elementor-col-33 elementor-top-column elementor-element elementor-element-ec97937 ot-flex-column-vertical\" data-id=\"ec97937\" data-element_type=\"column\">\n\t\t\t<div class=\"elementor-widget-wrap elementor-element-populated\">\n\t\t\t\t\t\t<div class=\"elementor-element elementor-element-e07df3e elementor-widget-tablet__width-initial elementor-widget elementor-widget-iheading\" data-id=\"e07df3e\" data-element_type=\"widget\" data-widget_type=\"iheading.default\">\n\t\t\t\t<div class=\"elementor-widget-container\">\n\t\t\t\t\t\t\t<div class=\"ot-heading \">\r\n\t        <span>AMPUL SEPET\u0130<\/span>\t        <h2 class=\"main-heading\">End\u00fcstriyel Ayd\u0131nlatma<\/h2>\t    <\/div>\r\n\t    \t\t\t\t<\/div>\n\t\t\t\t<\/div>\n\t\t\t\t<div class=\"elementor-element elementor-element-f104b38 elementor-widget elementor-widget-ibutton\" data-id=\"f104b38\" data-element_type=\"widget\" data-widget_type=\"ibutton.default\">\n\t\t\t\t<div class=\"elementor-widget-container\">\n\t\t\t\t\t\t\t<div class=\"ot-button\">\r\n\t\t\t<a href=\"https:\/\/wa.me\/905527333430\" class=\"octf-btn octf-btn-dark\">\u0130leti\u015fim<\/a>\r\n\t    <\/div>\r\n\t    \t\t\t\t<\/div>\n\t\t\t\t<\/div>\n\t\t\t\t\t<\/div>\n\t\t<\/div>\n\t\t\t\t<div class=\"elementor-column elementor-col-66 elementor-top-column elementor-element elementor-element-d5683e0 ot-flex-column-vertical\" data-id=\"d5683e0\" data-element_type=\"column\">\n\t\t\t<div class=\"elementor-widget-wrap elementor-element-populated\">\n\t\t\t\t\t\t<section class=\"elementor-section elementor-inner-section elementor-element elementor-element-1239be6 elementor-section-full_width elementor-section-height-default elementor-section-height-default\" data-id=\"1239be6\" data-element_type=\"section\">\n\t\t\t\t\t\t<div class=\"elementor-container elementor-column-gap-extended\">\n\t\t\t\t\t<div class=\"elementor-column elementor-col-50 elementor-inner-column elementor-element elementor-element-721e912 ot-flex-column-vertical\" data-id=\"721e912\" data-element_type=\"column\">\n\t\t\t<div class=\"elementor-widget-wrap elementor-element-populated\">\n\t\t\t\t\t\t<div class=\"elementor-element elementor-element-7a0e542 elementor-widget elementor-widget-iiconbox2\" data-id=\"7a0e542\" data-element_type=\"widget\" data-widget_type=\"iiconbox2.default\">\n\t\t\t\t<div class=\"elementor-widget-container\">\n\t\t\t\t\t\t\t<div class=\"icon-box icon-box--classic icon-box--icon-top\">\r\n\t\t\t<div class=\"icon-main\">\r\n\t\t        \t\t\t    \t\t        <span class=\"ot-flaticon-sphere\"><\/span>\t        <\/div>\r\n\t        <div class=\"content-box\">\r\n\t\t        <h5 class=\"icon-box-title\"><a href=\"#\" class=\"title-link\">M\u00fc\u015fteri Odakl\u0131 Yakla\u015f\u0131m<\/a><\/h5>\t\t        <p>Ayd\u0131nlatma tasar\u0131m\u0131 ve toptan sat\u0131\u015f\u0131nda, m\u00fc\u015fterilerin ihtiya\u00e7lar\u0131n\u0131 anlamak ve onlara \u00f6zel \u00e7\u00f6z\u00fcmler sunmak b\u00fcy\u00fck \u00f6nem ta\u015f\u0131r. Bu yakla\u015f\u0131m, \u00fcr\u00fcnlerin kalitesini art\u0131r\u0131rken, m\u00fc\u015fteri memnuniyetini de en \u00fcst d\u00fczeye \u00e7\u0131kar\u0131r.<\/p>\r\n\t\t\t<\/div>\r\n\t    <\/div>\r\n\t    \t\t\t\t<\/div>\n\t\t\t\t<\/div>\n\t\t\t\t\t<\/div>\n\t\t<\/div>\n\t\t\t\t<div class=\"elementor-column elementor-col-50 elementor-inner-column elementor-element elementor-element-475fa64 ot-flex-column-vertical\" data-id=\"475fa64\" data-element_type=\"column\">\n\t\t\t<div class=\"elementor-widget-wrap elementor-element-populated\">\n\t\t\t\t\t\t<div class=\"elementor-element elementor-element-2e47a36 elementor-widget elementor-widget-iiconbox2\" data-id=\"2e47a36\" data-element_type=\"widget\" data-widget_type=\"iiconbox2.default\">\n\t\t\t\t<div class=\"elementor-widget-container\">\n\t\t\t\t\t\t\t<div class=\"icon-box icon-box--classic icon-box--icon-top\">\r\n\t\t\t<div class=\"icon-main\">\r\n\t\t        \t\t\t    \t\t        <span class=\"ot-flaticon-measure\"><\/span>\t        <\/div>\r\n\t        <div class=\"content-box\">\r\n\t\t        <h5 class=\"icon-box-title\"><a href=\"#\" class=\"title-link\">Profesyonellik<\/a><\/h5>\t\t        <p>Profesyonellik, ayd\u0131nlatma tasar\u0131m\u0131 alan\u0131nda ba\u015far\u0131n\u0131n temel ta\u015flar\u0131ndan biridir. Mimar ekiplerimiz, her projede estetik ve i\u015flevselli\u011fi bir araya getirerek, mekanlar\u0131n ruhunu yans\u0131tan \u00f6zg\u00fcn ayd\u0131nlatma \u00e7\u00f6z\u00fcmleri sunar.<\/p>\r\n\t\t\t<\/div>\r\n\t    <\/div>\r\n\t    \t\t\t\t<\/div>\n\t\t\t\t<\/div>\n\t\t\t\t\t<\/div>\n\t\t<\/div>\n\t\t\t\t\t<\/div>\n\t\t<\/section>\n\t\t\t\t\t<\/div>\n\t\t<\/div>\n\t\t\t\t\t<\/div>\n\t\t<\/section>\n\t\t\t\t<section class=\"elementor-section elementor-top-section elementor-element elementor-element-b6803d6 elementor-section-boxed elementor-section-height-default elementor-section-height-default\" data-id=\"b6803d6\" data-element_type=\"section\" data-settings=\"{&quot;background_background&quot;:&quot;classic&quot;}\">\n\t\t\t\t\t\t<div class=\"elementor-container elementor-column-gap-extended\">\n\t\t\t\t\t<div class=\"elementor-column elementor-col-33 elementor-top-column elementor-element elementor-element-79ae926 ot-flex-column-vertical\" data-id=\"79ae926\" data-element_type=\"column\">\n\t\t\t<div class=\"elementor-widget-wrap elementor-element-populated\">\n\t\t\t\t\t\t<div class=\"elementor-element elementor-element-b8a41ee elementor-widget elementor-widget-iiconbox3\" data-id=\"b8a41ee\" data-element_type=\"widget\" data-widget_type=\"iiconbox3.default\">\n\t\t\t\t<div class=\"elementor-widget-container\">\n\t\t\t\t\t\t\t<div class=\"icon-box icon-box--bg-color icon-box--icon-left\">\r\n\t\t\t<div class=\"icon-main\">\r\n\t\t        \t\t\t    \r\n\t\t\t    \t\t        <span class=\"ot-flaticon-diamond\"><\/span>\t        <\/div>\r\n\t        <div class=\"content-box\">\r\n\t        \t<h5 class=\"icon-box-title\">Profesyonel Ayd\u0131nlatma<\/h5>\t\t        <p>Uzman kadromuz, en son teknolojileri ve trendleri takip ederek, m\u00fc\u015fterilerimizin ihtiya\u00e7lar\u0131na \u00f6zel \u00e7\u00f6z\u00fcmler geli\u015ftirir.<\/p>\r\n\t\t\t<\/div>\r\n\t\t\t\t    <\/div>\r\n\t    \t\t\t\t<\/div>\n\t\t\t\t<\/div>\n\t\t\t\t\t<\/div>\n\t\t<\/div>\n\t\t\t\t<div class=\"elementor-column elementor-col-33 elementor-top-column elementor-element elementor-element-1452dbb ot-flex-column-vertical\" data-id=\"1452dbb\" data-element_type=\"column\">\n\t\t\t<div class=\"elementor-widget-wrap elementor-element-populated\">\n\t\t\t\t\t\t<div class=\"elementor-element elementor-element-60cfd4b elementor-widget elementor-widget-iiconbox3\" data-id=\"60cfd4b\" data-element_type=\"widget\" data-widget_type=\"iiconbox3.default\">\n\t\t\t\t<div class=\"elementor-widget-container\">\n\t\t\t\t\t\t\t<div class=\"icon-box icon-box--bg-color icon-box--icon-left\">\r\n\t\t\t<div class=\"icon-main\">\r\n\t\t        \t\t\t    \r\n\t\t\t    \t\t        <span class=\"ot-flaticon-box\"><\/span>\t        <\/div>\r\n\t        <div class=\"content-box\">\r\n\t        \t<h5 class=\"icon-box-title\">Tercr\u00fcbe & Yetenek<\/h5>\t\t        <p>Uzun y\u0131llara dayanan tecr\u00fcbemiz, farkl\u0131 projelerde edindi\u011fimiz bilgi birikimi ile birle\u015ferek, her t\u00fcrl\u00fc mekana uygun yenilik\u00e7i \u00e7\u00f6z\u00fcmler sunmam\u0131za olanak tan\u0131r.<\/p>\r\n\t\t\t<\/div>\r\n\t\t\t\t    <\/div>\r\n\t    \t\t\t\t<\/div>\n\t\t\t\t<\/div>\n\t\t\t\t\t<\/div>\n\t\t<\/div>\n\t\t\t\t<div class=\"elementor-column elementor-col-33 elementor-top-column elementor-element elementor-element-db0af56 ot-flex-column-vertical\" data-id=\"db0af56\" data-element_type=\"column\">\n\t\t\t<div class=\"elementor-widget-wrap elementor-element-populated\">\n\t\t\t\t\t\t<div class=\"elementor-element elementor-element-fcfd233 elementor-widget elementor-widget-iiconbox3\" data-id=\"fcfd233\" data-element_type=\"widget\" data-widget_type=\"iiconbox3.default\">\n\t\t\t\t<div class=\"elementor-widget-container\">\n\t\t\t\t\t\t\t<div class=\"icon-box icon-box--bg-color icon-box--icon-left\">\r\n\t\t\t<div class=\"icon-main\">\r\n\t\t        \t\t\t    \r\n\t\t\t    \t\t        <span class=\"ot-flaticon-3d-2\"><\/span>\t        <\/div>\r\n\t        <div class=\"content-box\">\r\n\t        \t<h5 class=\"icon-box-title\">M\u00fc\u015fteri Odakl\u0131l\u0131k<\/h5>\t\t        <p> M\u00fc\u015fteri geri bildirimlerini dikkate alarak s\u00fcrekli geli\u015fim sa\u011flamak, sekt\u00f6rdeki yerimizi g\u00fc\u00e7lendiriyor. M\u00fc\u015fteri odakl\u0131 bir strateji benimsemek, ayd\u0131nlatma alan\u0131nda s\u00fcrd\u00fcr\u00fclebilir ba\u015far\u0131y\u0131 bizlere getirdi. <\/p>\r\n\t\t\t<\/div>\r\n\t\t\t\t    <\/div>\r\n\t    \t\t\t\t<\/div>\n\t\t\t\t<\/div>\n\t\t\t\t\t<\/div>\n\t\t<\/div>\n\t\t\t\t\t<\/div>\n\t\t<\/section>\n\t\t\t\t<section class=\"elementor-section elementor-top-section elementor-element elementor-element-aa34df4 elementor-section-full_width elementor-section-content-middle elementor-section-height-default elementor-section-height-default\" data-id=\"aa34df4\" data-element_type=\"section\" data-settings=\"{&quot;background_background&quot;:&quot;classic&quot;}\">\n\t\t\t\t\t\t<div class=\"elementor-container elementor-column-gap-no\">\n\t\t\t\t\t<div class=\"elementor-column elementor-col-50 elementor-top-column elementor-element elementor-element-ddfffe3 ot-flex-column-vertical\" data-id=\"ddfffe3\" data-element_type=\"column\">\n\t\t\t<div class=\"elementor-widget-wrap elementor-element-populated\">\n\t\t\t\t\t\t<div class=\"elementor-element elementor-element-0aa0cbd elementor-widget elementor-widget-image\" data-id=\"0aa0cbd\" data-element_type=\"widget\" data-widget_type=\"image.default\">\n\t\t\t\t<div class=\"elementor-widget-container\">\n\t\t\t\t\t\t\t\t\t\t\t\t\t\t\t<img fetchpriority=\"high\" decoding=\"async\" width=\"1200\" height=\"748\" src=\"https:\/\/ampulsepeti.com.tr\/wp-content\/uploads\/2025\/03\/endus-5.jpg\" class=\"attachment-full size-full wp-image-4579\" alt=\"\" srcset=\"https:\/\/ampulsepeti.com.tr\/wp-content\/uploads\/2025\/03\/endus-5.jpg 1200w, https:\/\/ampulsepeti.com.tr\/wp-content\/uploads\/2025\/03\/endus-5-300x187.jpg 300w, https:\/\/ampulsepeti.com.tr\/wp-content\/uploads\/2025\/03\/endus-5-1024x638.jpg 1024w, https:\/\/ampulsepeti.com.tr\/wp-content\/uploads\/2025\/03\/endus-5-768x479.jpg 768w\" sizes=\"(max-width: 1200px) 100vw, 1200px\" \/>\t\t\t\t\t\t\t\t\t\t\t\t\t\t\t<\/div>\n\t\t\t\t<\/div>\n\t\t\t\t\t<\/div>\n\t\t<\/div>\n\t\t\t\t<div class=\"elementor-column elementor-col-50 elementor-top-column elementor-element elementor-element-3ac5569 ot-flex-column-vertical\" data-id=\"3ac5569\" data-element_type=\"column\">\n\t\t\t<div class=\"elementor-widget-wrap elementor-element-populated\">\n\t\t\t\t\t\t<div class=\"elementor-element elementor-element-85b7dbb theratio-mobile-align-center elementor-widget elementor-widget-iheading\" data-id=\"85b7dbb\" data-element_type=\"widget\" data-widget_type=\"iheading.default\">\n\t\t\t\t<div class=\"elementor-widget-container\">\n\t\t\t\t\t\t\t<div class=\"ot-heading is-dots\">\r\n\t        <span>AMPUL SEPET\u0130<\/span>\t        <h2 class=\"main-heading\">Detay \u0130\u015f\u00e7ili\u011fi<\/h2>\t    <\/div>\r\n\t    \t\t\t\t<\/div>\n\t\t\t\t<\/div>\n\t\t\t\t<section class=\"elementor-section elementor-inner-section elementor-element elementor-element-4b63f40 elementor-section-full_width elementor-section-height-default elementor-section-height-default\" data-id=\"4b63f40\" data-element_type=\"section\">\n\t\t\t\t\t\t<div class=\"elementor-container elementor-column-gap-extended\">\n\t\t\t\t\t<div class=\"elementor-column elementor-col-33 elementor-inner-column elementor-element elementor-element-9626b6b ot-flex-column-vertical\" data-id=\"9626b6b\" data-element_type=\"column\">\n\t\t\t<div class=\"elementor-widget-wrap elementor-element-populated\">\n\t\t\t\t\t\t<div class=\"elementor-element elementor-element-883fc4b elementor-widget elementor-widget-heading\" data-id=\"883fc4b\" data-element_type=\"widget\" data-widget_type=\"heading.default\">\n\t\t\t\t<div class=\"elementor-widget-container\">\n\t\t\t\t\t<h6 class=\"elementor-heading-title elementor-size-default\">01.<\/h6>\t\t\t\t<\/div>\n\t\t\t\t<\/div>\n\t\t\t\t<div class=\"elementor-element elementor-element-6ccfec2 elementor-widget elementor-widget-heading\" data-id=\"6ccfec2\" data-element_type=\"widget\" data-widget_type=\"heading.default\">\n\t\t\t\t<div class=\"elementor-widget-container\">\n\t\t\t\t\t<h6 class=\"elementor-heading-title elementor-size-default\">Fabrika Ayd\u0131nlatmas\u0131<\/h6>\t\t\t\t<\/div>\n\t\t\t\t<\/div>\n\t\t\t\t<div class=\"elementor-element elementor-element-31cf544 elementor-widget elementor-widget-text-editor\" data-id=\"31cf544\" data-element_type=\"widget\" data-widget_type=\"text-editor.default\">\n\t\t\t\t<div class=\"elementor-widget-container\">\n\t\t\t\t\t\t\t\t\t<p>\u00c7al\u0131\u015fma alanlar\u0131n\u0131 optimize eden g\u00fc\u00e7l\u00fc ve verimli ayd\u0131nlatma \u00e7\u00f6z\u00fcmleri.<\/p>\t\t\t\t\t\t\t\t<\/div>\n\t\t\t\t<\/div>\n\t\t\t\t\t<\/div>\n\t\t<\/div>\n\t\t\t\t<div class=\"elementor-column elementor-col-33 elementor-inner-column elementor-element elementor-element-e2b6267 ot-flex-column-vertical\" data-id=\"e2b6267\" data-element_type=\"column\">\n\t\t\t<div class=\"elementor-widget-wrap elementor-element-populated\">\n\t\t\t\t\t\t<div class=\"elementor-element elementor-element-1d60dca elementor-widget elementor-widget-heading\" data-id=\"1d60dca\" data-element_type=\"widget\" data-widget_type=\"heading.default\">\n\t\t\t\t<div class=\"elementor-widget-container\">\n\t\t\t\t\t<h6 class=\"elementor-heading-title elementor-size-default\">02.<\/h6>\t\t\t\t<\/div>\n\t\t\t\t<\/div>\n\t\t\t\t<div class=\"elementor-element elementor-element-196b615 elementor-widget elementor-widget-heading\" data-id=\"196b615\" data-element_type=\"widget\" data-widget_type=\"heading.default\">\n\t\t\t\t<div class=\"elementor-widget-container\">\n\t\t\t\t\t<h6 class=\"elementor-heading-title elementor-size-default\">Depo Ayd\u0131nlatmas\u0131<\/h6>\t\t\t\t<\/div>\n\t\t\t\t<\/div>\n\t\t\t\t<div class=\"elementor-element elementor-element-3a7f26d elementor-widget elementor-widget-text-editor\" data-id=\"3a7f26d\" data-element_type=\"widget\" data-widget_type=\"text-editor.default\">\n\t\t\t\t<div class=\"elementor-widget-container\">\n\t\t\t\t\t\t\t\t\t<p>G\u00fcvenli\u011fi art\u0131ran, geni\u015f alanlar\u0131 etkili \u015fekilde ayd\u0131nlatan sistemler.<\/p>\t\t\t\t\t\t\t\t<\/div>\n\t\t\t\t<\/div>\n\t\t\t\t\t<\/div>\n\t\t<\/div>\n\t\t\t\t<div class=\"elementor-column elementor-col-33 elementor-inner-column elementor-element elementor-element-4f1da0a elementor-hidden-desktop elementor-hidden-tablet elementor-hidden-phone ot-flex-column-vertical\" data-id=\"4f1da0a\" data-element_type=\"column\">\n\t\t\t<div class=\"elementor-widget-wrap\">\n\t\t\t\t\t\t\t<\/div>\n\t\t<\/div>\n\t\t\t\t\t<\/div>\n\t\t<\/section>\n\t\t\t\t<section class=\"elementor-section elementor-inner-section elementor-element elementor-element-bc8926e elementor-section-full_width elementor-section-height-default elementor-section-height-default\" data-id=\"bc8926e\" data-element_type=\"section\">\n\t\t\t\t\t\t<div class=\"elementor-container elementor-column-gap-extended\">\n\t\t\t\t\t<div class=\"elementor-column elementor-col-33 elementor-inner-column elementor-element elementor-element-1408067 ot-flex-column-vertical\" data-id=\"1408067\" data-element_type=\"column\">\n\t\t\t<div class=\"elementor-widget-wrap elementor-element-populated\">\n\t\t\t\t\t\t<div class=\"elementor-element elementor-element-6284e19 elementor-widget elementor-widget-heading\" data-id=\"6284e19\" data-element_type=\"widget\" data-widget_type=\"heading.default\">\n\t\t\t\t<div class=\"elementor-widget-container\">\n\t\t\t\t\t<h6 class=\"elementor-heading-title elementor-size-default\">03.<\/h6>\t\t\t\t<\/div>\n\t\t\t\t<\/div>\n\t\t\t\t<div class=\"elementor-element elementor-element-55f3464 elementor-widget elementor-widget-heading\" data-id=\"55f3464\" data-element_type=\"widget\" data-widget_type=\"heading.default\">\n\t\t\t\t<div class=\"elementor-widget-container\">\n\t\t\t\t\t<h6 class=\"elementor-heading-title elementor-size-default\">At\u00f6lye Ayd\u0131nlatmas\u0131<\/h6>\t\t\t\t<\/div>\n\t\t\t\t<\/div>\n\t\t\t\t<div class=\"elementor-element elementor-element-3c57841 elementor-widget elementor-widget-text-editor\" data-id=\"3c57841\" data-element_type=\"widget\" data-widget_type=\"text-editor.default\">\n\t\t\t\t<div class=\"elementor-widget-container\">\n\t\t\t\t\t\t\t\t\t<p>\u00a0Detayl\u0131 i\u015flerinizi kolayla\u015ft\u0131ran, y\u00fcksek kaliteli ayd\u0131nlatma \u00e7\u00f6z\u00fcmleri.<\/p>\t\t\t\t\t\t\t\t<\/div>\n\t\t\t\t<\/div>\n\t\t\t\t\t<\/div>\n\t\t<\/div>\n\t\t\t\t<div class=\"elementor-column elementor-col-33 elementor-inner-column elementor-element elementor-element-9a1a87e ot-flex-column-vertical\" data-id=\"9a1a87e\" data-element_type=\"column\">\n\t\t\t<div class=\"elementor-widget-wrap elementor-element-populated\">\n\t\t\t\t\t\t<div class=\"elementor-element elementor-element-02a7354 elementor-widget elementor-widget-heading\" data-id=\"02a7354\" data-element_type=\"widget\" data-widget_type=\"heading.default\">\n\t\t\t\t<div class=\"elementor-widget-container\">\n\t\t\t\t\t<h6 class=\"elementor-heading-title elementor-size-default\">04.<\/h6>\t\t\t\t<\/div>\n\t\t\t\t<\/div>\n\t\t\t\t<div class=\"elementor-element elementor-element-c2b9b0b elementor-widget elementor-widget-heading\" data-id=\"c2b9b0b\" data-element_type=\"widget\" data-widget_type=\"heading.default\">\n\t\t\t\t<div class=\"elementor-widget-container\">\n\t\t\t\t\t<h6 class=\"elementor-heading-title elementor-size-default\">D\u0131\u015f Mekan End\u00fcstriyel Ayd\u0131nlatmas\u0131<\/h6>\t\t\t\t<\/div>\n\t\t\t\t<\/div>\n\t\t\t\t<div class=\"elementor-element elementor-element-945d08a elementor-widget elementor-widget-text-editor\" data-id=\"945d08a\" data-element_type=\"widget\" data-widget_type=\"text-editor.default\">\n\t\t\t\t<div class=\"elementor-widget-container\">\n\t\t\t\t\t\t\t\t\t<p>D\u0131\u015f alanlar\u0131 g\u00fcvenli ve i\u015flevsel hale getiren dayan\u0131kl\u0131 ayd\u0131nlatmalar.<\/p>\t\t\t\t\t\t\t\t<\/div>\n\t\t\t\t<\/div>\n\t\t\t\t\t<\/div>\n\t\t<\/div>\n\t\t\t\t<div class=\"elementor-column elementor-col-33 elementor-inner-column elementor-element elementor-element-1b14f9a elementor-hidden-desktop elementor-hidden-tablet elementor-hidden-phone ot-flex-column-vertical\" data-id=\"1b14f9a\" data-element_type=\"column\">\n\t\t\t<div class=\"elementor-widget-wrap\">\n\t\t\t\t\t\t\t<\/div>\n\t\t<\/div>\n\t\t\t\t\t<\/div>\n\t\t<\/section>\n\t\t\t\t\t<\/div>\n\t\t<\/div>\n\t\t\t\t\t<\/div>\n\t\t<\/section>\n\t\t<div class=\"elementor-element elementor-element-6754f9a e-flex e-con-boxed e-con e-parent\" data-id=\"6754f9a\" data-element_type=\"container\">\n\t\t\t\t\t<div class=\"e-con-inner\">\n\t\t\t\t\t<\/div>\n\t\t\t\t<\/div>\n\t\t\t\t<\/div>\n\t\t","protected":false},"excerpt":{"rendered":"<p>AMPUL SEPET\u0130 End\u00fcstriyel Ayd\u0131nlatma \u0130leti\u015fim M\u00fc\u015fteri Odakl\u0131 Yakla\u015f\u0131m Ayd\u0131nlatma tasar\u0131m\u0131 ve toptan sat\u0131\u015f\u0131nda, m\u00fc\u015fterilerin ihtiya\u00e7lar\u0131n\u0131 anlamak ve onlara \u00f6zel \u00e7\u00f6z\u00fcmler sunmak b\u00fcy\u00fck \u00f6nem ta\u015f\u0131r. Bu yakla\u015f\u0131m, \u00fcr\u00fcnlerin kalitesini art\u0131r\u0131rken, m\u00fc\u015fteri memnuniyetini de en \u00fcst d\u00fczeye \u00e7\u0131kar\u0131r. Profesyonellik Profesyonellik, ayd\u0131nlatma tasar\u0131m\u0131 alan\u0131nda ba\u015far\u0131n\u0131n temel ta\u015flar\u0131ndan biridir. Mimar ekiplerimiz, her projede estetik ve i\u015flevselli\u011fi bir araya getirerek, [&hellip;]<\/p>\n","protected":false},"author":1,"featured_media":0,"parent":0,"menu_order":0,"comment_status":"closed","ping_status":"closed","template":"","meta":{"footnotes":""},"class_list":["post-4705","page","type-page","status-publish","hentry"],"_links":{"self":[{"href":"https:\/\/ampulsepeti.com.tr\/index.php\/wp-json\/wp\/v2\/pages\/4705","targetHints":{"allow":["GET"]}}],"collection":[{"href":"https:\/\/ampulsepeti.com.tr\/index.php\/wp-json\/wp\/v2\/pages"}],"about":[{"href":"https:\/\/ampulsepeti.com.tr\/index.php\/wp-json\/wp\/v2\/types\/page"}],"author":[{"embeddable":true,"href":"https:\/\/ampulsepeti.com.tr\/index.php\/wp-json\/wp\/v2\/users\/1"}],"replies":[{"embeddable":true,"href":"https:\/\/ampulsepeti.com.tr\/index.php\/wp-json\/wp\/v2\/comments?post=4705"}],"version-history":[{"count":10,"href":"https:\/\/ampulsepeti.com.tr\/index.php\/wp-json\/wp\/v2\/pages\/4705\/revisions"}],"predecessor-version":[{"id":4721,"href":"https:\/\/ampulsepeti.com.tr\/index.php\/wp-json\/wp\/v2\/pages\/4705\/revisions\/4721"}],"wp:attachment":[{"href":"https:\/\/ampulsepeti.com.tr\/index.php\/wp-json\/wp\/v2\/media?parent=4705"}],"curies":[{"name":"wp","href":"https:\/\/api.w.org\/{rel}","templated":true}]}}